{"id":629,"date":"2022-11-02T15:29:55","date_gmt":"2022-11-02T14:29:55","guid":{"rendered":"https:\/\/dzieckoi.usz.edu.pl\/?page_id=629"},"modified":"2022-11-07T20:19:30","modified_gmt":"2022-11-07T19:19:30","slug":"rodo","status":"publish","type":"page","link":"https:\/\/dzieckoi.usz.edu.pl\/index.php\/rodo\/","title":{"rendered":"Rodo"},"content":{"rendered":"\t\t<div data-elementor-type=\"wp-page\" data-elementor-id=\"629\" class=\"elementor elementor-629\">\n\t\t\t\t\t\t<div class=\"elementor-inner\">\n\t\t\t\t<div class=\"elementor-section-wrap\">\n\t\t\t\t\t\t\t\t\t<section class=\"elementor-section elementor-top-section elementor-element elementor-element-4e6fe608 elementor-section-height-min-height elementor-section-content-middle elementor-section-boxed elementor-section-height-default elementor-section-items-middle\" data-id=\"4e6fe608\" data-element_type=\"section\" data-settings=\"{&quot;background_background&quot;:&quot;classic&quot;}\">\n\t\t\t\t\t\t\t<div class=\"elementor-background-overlay\"><\/div>\n\t\t\t\t\t\t\t<div class=\"elementor-container elementor-column-gap-no\">\n\t\t\t\t\t\t\t<div class=\"elementor-row\">\n\t\t\t\t\t<div class=\"elementor-column elementor-col-100 elementor-top-column elementor-element elementor-element-6f860f18\" data-id=\"6f860f18\" data-element_type=\"column\" data-settings=\"{&quot;background_background&quot;:&quot;classic&quot;}\">\n\t\t\t<div class=\"elementor-column-wrap elementor-element-populated\">\n\t\t\t\t\t\t\t<div class=\"elementor-widget-wrap\">\n\t\t\t\t\t\t<div class=\"elementor-element elementor-element-6db16e11 elementor-widget elementor-widget-theme-post-title elementor-page-title elementor-widget-heading\" data-id=\"6db16e11\" data-element_type=\"widget\" data-widget_type=\"theme-post-title.default\">\n\t\t\t\t<div class=\"elementor-widget-container\">\n\t\t\t<h1 class=\"elementor-heading-title elementor-size-default\">Rodo<\/h1>\t\t<\/div>\n\t\t\t\t<\/div>\n\t\t\t\t\t\t<\/div>\n\t\t\t\t\t<\/div>\n\t\t<\/div>\n\t\t\t\t\t\t\t\t<\/div>\n\t\t\t\t\t<\/div>\n\t\t<\/section>\n\t\t\t\t<section class=\"elementor-section elementor-top-section elementor-element elementor-element-440d2e1 elementor-section-boxed elementor-section-height-default elementor-section-height-default\" data-id=\"440d2e1\" data-element_type=\"section\">\n\t\t\t\t\t\t<div class=\"elementor-container elementor-column-gap-default\">\n\t\t\t\t\t\t\t<div class=\"elementor-row\">\n\t\t\t\t\t<div class=\"elementor-column elementor-col-100 elementor-top-column elementor-element elementor-element-d482118\" data-id=\"d482118\" data-element_type=\"column\">\n\t\t\t<div class=\"elementor-column-wrap elementor-element-populated\">\n\t\t\t\t\t\t\t<div class=\"elementor-widget-wrap\">\n\t\t\t\t\t\t<div class=\"elementor-element elementor-element-e959b61 elementor-widget elementor-widget-elementskit-heading\" data-id=\"e959b61\" data-element_type=\"widget\" data-widget_type=\"elementskit-heading.default\">\n\t\t\t\t<div class=\"elementor-widget-container\">\n\t\t\t<div class=\"ekit-wid-con\" ><div class=\"ekit-heading elementskit-section-title-wraper text_center   ekit_heading_tablet-   ekit_heading_mobile-\"><h3 class=\"elementskit-section-subtitle  \">\n\t\t\t\t\t\tDZIECKO I &quot;J\u0118ZYK WCZESNEJ EDUKACJI&quot;\n\t\t\t\t\t<\/h3><h2 class=\"ekit-heading--title elementskit-section-title \">Klauzula informacyjna dla uczestnika konferencji<\/h2><div class=\"ekit_heading_separetor_wraper ekit_heading_elementskit-border-divider elementskit-style-long\"><div class=\"elementskit-border-divider elementskit-style-long\"><\/div><\/div><\/div><\/div>\t\t<\/div>\n\t\t\t\t<\/div>\n\t\t\t\t<div class=\"elementor-element elementor-element-926e1d3 elementor-widget elementor-widget-text-editor\" data-id=\"926e1d3\" data-element_type=\"widget\" data-widget_type=\"text-editor.default\">\n\t\t\t\t<div class=\"elementor-widget-container\">\n\t\t\t\t\t\t\t\t<div class=\"elementor-text-editor elementor-clearfix\">\n\t\t\t\t<ol>\n \t<li>Administratorem Pa\u0144stwa danych osobowych jest Uniwersytet Szczeci\u0144ski z siedzib\u0105 przy al. Papie\u017ca Jana Paw\u0142a II 22a, 70 -453 Szczecin;<\/li>\n \t<li>Administrator wyznaczy\u0142 Inspektora Ochrony Danych nadzoruj\u0105cego prawid\u0142owo\u015b\u0107 przetwarzania danych osobowych, z kt\u00f3rym mo\u017cna skontaktowa\u0107 si\u0119 za po\u015brednictwem adresu e-mail:\u00a0<a href=\"mailto:iod@usz.edu.pl\">iod@usz.edu.pl<\/a>;<\/li>\n \t<li>Pa\u0144stwa dane osobowe b\u0119d\u0105 przetwarzane w celu:\n<ol type=a>\n \t<li>zorganizowania i przeprowadzenia Mi\u0119dzynarodowej Konferencji Naukowej pn. Uniwersytet na rubie\u017cach przez Instytut Pedagogiki Uniwersytetu Szczeci\u0144skiego;<\/li>\n \t<li>udost\u0119pniania Pa\u0144stwu materia\u0142\u00f3w i pomocy naukowych z wydarzenia;<\/li>\n \t<li>udost\u0119pniania Pa\u0144stwu materia\u0142\u00f3w informacyjnych i promocyjnych przygotowanych przez Instytut Pedagogiki Uniwersytetu Szczeci\u0144skiego;<\/li>\n \t<li>og\u00f3lnego rejestrowania przebiegu wydarzenia (zdj\u0119cia i wideo) \u2013 umieszczanie tych materia\u0142\u00f3w na stronie https:\/\/ped.usz.edu.pl\/ oraz na w portalach spo\u0142eczno\u015bciowych Facebook, YouTube.<\/li>\n<\/ol>\n<\/li>\n \t<li>Podane dane b\u0119d\u0105 przetwarzane na podstawie Rozporz\u0105dzenia Parlamentu Europejskiego i Rady (UE) 2016\/679 z dnia 27 kwietnia 2016 r. w sprawie ochrony os\u00f3b fizycznych w zwi\u0105zku z przetwarzaniem danych osobowych i w sprawie swobodnego przep\u0142ywu takich danych oraz uchylenia dyrektywy 95\/46\/WE (RODO), odpowiednio:\n<ul><li>art. 6 ust. 1 lit. b) i f)<\/li>\n<li>art. 6 ust. 1 lit. a)<\/li><\/ul><\/li>\n<\/ol>\n<ol start=\"5\">\n \t<li>Podanie danych oznaczonych jako obowi\u0105zkowe przy wyra\u017ceniu zgody jest niezb\u0119dne do uczestnictwa w wydarzeniu. Udzielenie zgody w pozosta\u0142ych przypadkach jest dobrowolne;<\/li>\n \t<li>Odpowiednio do wyra\u017conych przez Pa\u0144stwa zg\u00f3d przy rejestracji na wydarzenie, dane b\u0119d\u0105 przetwarzane przez media spo\u0142eczno\u015bciowe Facebook, YouTube w ramach udost\u0119pnienia ich na profilach IP US we wspomnianych mediach.\nW przypadku wydarze\u0144 dofinansowanych przez instytucje pa\u0144stwowe dane mog\u0105 by\u0107 przekazane do tych instytucji w celach rozlicze\u0144 lub sprawozdawczo\u015bci, regulowanych odpowiednimi ustawami, o czym, przy rejestracji na ka\u017cde z wydarze\u0144 osobno, b\u0119dzie zamieszczona wyra\u017ana informacja. Pa\u0144stwa dane osobowe mog\u0105 by\u0107 r\u00f3wnie\u017c przekazywane odpowiednim organom pa\u0144stwowym w przypadkach przewidzianych przepisami prawa;<\/li>\n \t<li>Dane zebrane na podstawie art. 6 ust. 1 lit. b) i f) RODO b\u0119d\u0105 przetwarzane do czasu osi\u0105gniecia celu w tym przez okres wynikaj\u0105cy z przepis\u00f3w prawa w zakresie rachunkowo\u015bci (w przypadku p\u0142atnego uczestnictwa). Dane zebrane na podstawie zgody b\u0119d\u0105 gromadzone do chwili osi\u0105gni\u0119cia celu lub do czasu odwo\u0142ania udzielonej zgody. Zgod\u0119 na przetwarzanie danych osobowych mog\u0105 Pa\u0144stwo cofn\u0105\u0107 np. poprzez napisanie wiadomo\u015bci e-mail na adres:\u00a0<a href=\"mailto:iod@usz.edu.pl\">iod@usz.edu.pl<\/a>;<\/li>\n \t<li>Posiadaj\u0105 Pa\u0144stwo prawo dost\u0119pu do tre\u015bci swoich danych oraz prawo ich sprostowania, usuni\u0119cia, ograniczenia przetwarzania, prawo do przenoszenia danych, prawo do wniesienia sprzeciwu, prawo do cofni\u0119cia zgody w dowolnym momencie;<\/li>\n \t<li>Maj\u0105 Pa\u0144stwo prawo do wniesienia skargi do Prezesa Urz\u0119du Ochrony Danych Osobowych;<\/li>\n \t<li>Pa\u0144stwa dane nie b\u0119d\u0105 przetwarzane w spos\u00f3b zautomatyzowany i nie b\u0119d\u0105 poddawane profilowaniu.<\/li>\n<\/ol>\t\t\t\t\t<\/div>\n\t\t\t\t\t\t<\/div>\n\t\t\t\t<\/div>\n\t\t\t\t<div class=\"elementor-element elementor-element-2a372b4 elementor-widget elementor-widget-image\" data-id=\"2a372b4\" data-element_type=\"widget\" data-widget_type=\"image.default\">\n\t\t\t\t<div class=\"elementor-widget-container\">\n\t\t\t\t\t\t\t\t<div class=\"elementor-image\">\n\t\t\t\t\t\t\t\t\t\t\t\t<img loading=\"lazy\" decoding=\"async\" width=\"2560\" height=\"597\" src=\"https:\/\/dzieckoi.usz.edu.pl\/wp-content\/uploads\/2022\/11\/korczak-kulmowa-scaled.jpg\" class=\"attachment-full size-full\" alt=\"Korczak i Kulmowa\" srcset=\"https:\/\/dzieckoi.usz.edu.pl\/wp-content\/uploads\/2022\/11\/korczak-kulmowa-scaled.jpg 2560w, https:\/\/dzieckoi.usz.edu.pl\/wp-content\/uploads\/2022\/11\/korczak-kulmowa-300x70.jpg 300w, https:\/\/dzieckoi.usz.edu.pl\/wp-content\/uploads\/2022\/11\/korczak-kulmowa-1024x239.jpg 1024w, https:\/\/dzieckoi.usz.edu.pl\/wp-content\/uploads\/2022\/11\/korczak-kulmowa-768x179.jpg 768w, https:\/\/dzieckoi.usz.edu.pl\/wp-content\/uploads\/2022\/11\/korczak-kulmowa-1536x358.jpg 1536w, https:\/\/dzieckoi.usz.edu.pl\/wp-content\/uploads\/2022\/11\/korczak-kulmowa-2048x478.jpg 2048w\" sizes=\"auto, (max-width: 2560px) 100vw, 2560px\" \/>\t\t\t\t\t\t\t\t\t\t\t\t\t\t<\/div>\n\t\t\t\t\t\t<\/div>\n\t\t\t\t<\/div>\n\t\t\t\t\t\t<\/div>\n\t\t\t\t\t<\/div>\n\t\t<\/div>\n\t\t\t\t\t\t\t\t<\/div>\n\t\t\t\t\t<\/div>\n\t\t<\/section>\n\t\t\t\t<section class=\"elementor-section elementor-top-section elementor-element elementor-element-99f8927 elementor-section-content-middle elementor-section-boxed elementor-section-height-default elementor-section-height-default\" data-id=\"99f8927\" data-element_type=\"section\" data-settings=\"{&quot;background_background&quot;:&quot;classic&quot;}\">\n\t\t\t\t\t\t<div class=\"elementor-container elementor-column-gap-default\">\n\t\t\t\t\t\t\t<div class=\"elementor-row\">\n\t\t\t\t\t<div class=\"elementor-column elementor-col-100 elementor-top-column elementor-element elementor-element-ae96503\" data-id=\"ae96503\" data-element_type=\"column\">\n\t\t\t<div class=\"elementor-column-wrap elementor-element-populated\">\n\t\t\t\t\t\t\t<div class=\"elementor-widget-wrap\">\n\t\t\t\t\t\t<div class=\"elementor-element elementor-element-f0afb18 elementor-widget elementor-widget-text-editor\" data-id=\"f0afb18\" data-element_type=\"widget\" data-widget_type=\"text-editor.default\">\n\t\t\t\t<div class=\"elementor-widget-container\">\n\t\t\t\t\t\t\t\t<div class=\"elementor-text-editor elementor-clearfix\">\n\t\t\t\t<p>Konferencja dofinansowana przez Ministerstwo Edukacji i Nauki w ramach programu DOSKONA\u0141A NAUKA \u2013 wsparcie konferencji naukowych (DKN\/SP\/547378\/2022)<\/p>\t\t\t\t\t<\/div>\n\t\t\t\t\t\t<\/div>\n\t\t\t\t<\/div>\n\t\t\t\t\t\t<\/div>\n\t\t\t\t\t<\/div>\n\t\t<\/div>\n\t\t\t\t\t\t\t\t<\/div>\n\t\t\t\t\t<\/div>\n\t\t<\/section>\n\t\t\t\t\t\t\t\t\t<\/div>\n\t\t\t<\/div>\n\t\t\t\t\t<\/div>\n\t\t","protected":false},"excerpt":{"rendered":"<p>DZIECKO I &quot;J\u0118ZYK WCZESNEJ EDUKACJI&quot; Klauzula informacyjna dla uczestnika konferencji Administratorem Pa\u0144stwa danych osobowych jest Uniwersytet Szczeci\u0144ski z siedzib\u0105 przy al. Papie\u017ca Jana Paw\u0142a II 22a, 70 -453 Szczecin; Administrator wyznaczy\u0142 Inspektora Ochrony Danych nadzoruj\u0105cego prawid\u0142owo\u015b\u0107 przetwarzania danych osobowych, z kt\u00f3rym mo\u017cna skontaktowa\u0107 si\u0119 za po\u015brednictwem adresu e-mail:\u00a0iod@usz.edu.pl; Pa\u0144stwa dane osobowe b\u0119d\u0105 przetwarzane w celu: [&hellip;]<\/p>\n","protected":false},"author":2,"featured_media":0,"parent":0,"menu_order":51,"comment_status":"closed","ping_status":"closed","template":"elementor_header_footer","meta":{"footnotes":""},"class_list":["post-629","page","type-page","status-publish","hentry"],"_links":{"self":[{"href":"https:\/\/dzieckoi.usz.edu.pl\/index.php\/wp-json\/wp\/v2\/pages\/629","targetHints":{"allow":["GET"]}}],"collection":[{"href":"https:\/\/dzieckoi.usz.edu.pl\/index.php\/wp-json\/wp\/v2\/pages"}],"about":[{"href":"https:\/\/dzieckoi.usz.edu.pl\/index.php\/wp-json\/wp\/v2\/types\/page"}],"author":[{"embeddable":true,"href":"https:\/\/dzieckoi.usz.edu.pl\/index.php\/wp-json\/wp\/v2\/users\/2"}],"replies":[{"embeddable":true,"href":"https:\/\/dzieckoi.usz.edu.pl\/index.php\/wp-json\/wp\/v2\/comments?post=629"}],"version-history":[{"count":10,"href":"https:\/\/dzieckoi.usz.edu.pl\/index.php\/wp-json\/wp\/v2\/pages\/629\/revisions"}],"predecessor-version":[{"id":1044,"href":"https:\/\/dzieckoi.usz.edu.pl\/index.php\/wp-json\/wp\/v2\/pages\/629\/revisions\/1044"}],"wp:attachment":[{"href":"https:\/\/dzieckoi.usz.edu.pl\/index.php\/wp-json\/wp\/v2\/media?parent=629"}],"curies":[{"name":"wp","href":"https:\/\/api.w.org\/{rel}","templated":true}]}}

<div data-elementor-type="wp-page" data-elementor-id="629" class="elementor elementor-629">
						<div class="elementor-inner">
				<div class="elementor-section-wrap">
									<section class="elementor-section elementor-top-section elementor-element elementor-element-4e6fe608 elementor-section-height-min-height elementor-section-content-middle elementor-section-boxed elementor-section-height-default elementor-section-items-middle" data-id="4e6fe608" data-element_type="section" data-settings="{&quot;background_background&quot;:&quot;classic&quot;}">
							<div class="elementor-background-overlay"></div>
							<div class="elementor-container elementor-column-gap-no">
							<div class="elementor-row">
					<div class="elementor-column elementor-col-100 elementor-top-column elementor-element elementor-element-6f860f18" data-id="6f860f18" data-element_type="column" data-settings="{&quot;background_background&quot;:&quot;classic&quot;}">
			<div class="elementor-column-wrap elementor-element-populated">
							<div class="elementor-widget-wrap">
						<div class="elementor-element elementor-element-6db16e11 elementor-widget elementor-widget-theme-post-title elementor-page-title elementor-widget-heading" data-id="6db16e11" data-element_type="widget" data-widget_type="theme-post-title.default">
				<div class="elementor-widget-container">
			<h1 class="elementor-heading-title elementor-size-default">Rodo</h1>		</div>
				</div>
						</div>
					</div>
		</div>
								</div>
					</div>
		</section>
				<section class="elementor-section elementor-top-section elementor-element elementor-element-440d2e1 elementor-section-boxed elementor-section-height-default elementor-section-height-default" data-id="440d2e1" data-element_type="section">
						<div class="elementor-container elementor-column-gap-default">
							<div class="elementor-row">
					<div class="elementor-column elementor-col-100 elementor-top-column elementor-element elementor-element-d482118" data-id="d482118" data-element_type="column">
			<div class="elementor-column-wrap elementor-element-populated">
							<div class="elementor-widget-wrap">
						<div class="elementor-element elementor-element-e959b61 elementor-widget elementor-widget-elementskit-heading" data-id="e959b61" data-element_type="widget" data-widget_type="elementskit-heading.default">
				<div class="elementor-widget-container">
			<div class="ekit-wid-con" ><div class="ekit-heading elementskit-section-title-wraper text_center   ekit_heading_tablet-   ekit_heading_mobile-"><h3 class="elementskit-section-subtitle  ">
						DZIECKO I &quot;JĘZYK WCZESNEJ EDUKACJI&quot;
					</h3><h2 class="ekit-heading--title elementskit-section-title ">Klauzula informacyjna dla uczestnika konferencji</h2><div class="ekit_heading_separetor_wraper ekit_heading_elementskit-border-divider elementskit-style-long"><div class="elementskit-border-divider elementskit-style-long"></div></div></div></div>		</div>
				</div>
				<div class="elementor-element elementor-element-926e1d3 elementor-widget elementor-widget-text-editor" data-id="926e1d3" data-element_type="widget" data-widget_type="text-editor.default">
				<div class="elementor-widget-container">
								<div class="elementor-text-editor elementor-clearfix">
				<ol>
 	<li>Administratorem Państwa danych osobowych jest Uniwersytet Szczeciński z siedzibą przy al. Papieża Jana Pawła II 22a, 70 -453 Szczecin;</li>
 	<li>Administrator wyznaczył Inspektora Ochrony Danych nadzorującego prawidłowość przetwarzania danych osobowych, z którym można skontaktować się za pośrednictwem adresu e-mail: <a href="mailto:iod@usz.edu.pl">iod@usz.edu.pl</a>;</li>
 	<li>Państwa dane osobowe będą przetwarzane w celu:
<ol type=a>
 	<li>zorganizowania i przeprowadzenia Międzynarodowej Konferencji Naukowej pn. Uniwersytet na rubieżach przez Instytut Pedagogiki Uniwersytetu Szczecińskiego;</li>
 	<li>udostępniania Państwu materiałów i pomocy naukowych z wydarzenia;</li>
 	<li>udostępniania Państwu materiałów informacyjnych i promocyjnych przygotowanych przez Instytut Pedagogiki Uniwersytetu Szczecińskiego;</li>
 	<li>ogólnego rejestrowania przebiegu wydarzenia (zdjęcia i wideo) – umieszczanie tych materiałów na stronie https://ped.usz.edu.pl/ oraz na w portalach społecznościowych Facebook, YouTube.</li>
</ol>
</li>
 	<li>Podane dane będą przetwarzane na podstawie Rozporządzenia Parlamentu Europejskiego i Rady (UE) 2016/679 z dnia 27 kwietnia 2016 r. w sprawie ochrony osób fizycznych w związku z przetwarzaniem danych osobowych i w sprawie swobodnego przepływu takich danych oraz uchylenia dyrektywy 95/46/WE (RODO), odpowiednio:
<ul><li>art. 6 ust. 1 lit. b) i f)</li>
<li>art. 6 ust. 1 lit. a)</li></ul></li>
</ol>
<ol start="5">
 	<li>Podanie danych oznaczonych jako obowiązkowe przy wyrażeniu zgody jest niezbędne do uczestnictwa w wydarzeniu. Udzielenie zgody w pozostałych przypadkach jest dobrowolne;</li>
 	<li>Odpowiednio do wyrażonych przez Państwa zgód przy rejestracji na wydarzenie, dane będą przetwarzane przez media społecznościowe Facebook, YouTube w ramach udostępnienia ich na profilach IP US we wspomnianych mediach.
W przypadku wydarzeń dofinansowanych przez instytucje państwowe dane mogą być przekazane do tych instytucji w celach rozliczeń lub sprawozdawczości, regulowanych odpowiednimi ustawami, o czym, przy rejestracji na każde z wydarzeń osobno, będzie zamieszczona wyraźna informacja. Państwa dane osobowe mogą być również przekazywane odpowiednim organom państwowym w przypadkach przewidzianych przepisami prawa;</li>
 	<li>Dane zebrane na podstawie art. 6 ust. 1 lit. b) i f) RODO będą przetwarzane do czasu osiągniecia celu w tym przez okres wynikający z przepisów prawa w zakresie rachunkowości (w przypadku płatnego uczestnictwa). Dane zebrane na podstawie zgody będą gromadzone do chwili osiągnięcia celu lub do czasu odwołania udzielonej zgody. Zgodę na przetwarzanie danych osobowych mogą Państwo cofnąć np. poprzez napisanie wiadomości e-mail na adres: <a href="mailto:iod@usz.edu.pl">iod@usz.edu.pl</a>;</li>
 	<li>Posiadają Państwo prawo dostępu do treści swoich danych oraz prawo ich sprostowania, usunięcia, ograniczenia przetwarzania, prawo do przenoszenia danych, prawo do wniesienia sprzeciwu, prawo do cofnięcia zgody w dowolnym momencie;</li>
 	<li>Mają Państwo prawo do wniesienia skargi do Prezesa Urzędu Ochrony Danych Osobowych;</li>
 	<li>Państwa dane nie będą przetwarzane w sposób zautomatyzowany i nie będą poddawane profilowaniu.</li>
</ol>					</div>
						</div>
				</div>
				<div class="elementor-element elementor-element-2a372b4 elementor-widget elementor-widget-image" data-id="2a372b4" data-element_type="widget" data-widget_type="image.default">
				<div class="elementor-widget-container">
								<div class="elementor-image">
												<img loading="lazy" decoding="async" width="2560" height="597" src="https://dzieckoi.usz.edu.pl/wp-content/uploads/2022/11/korczak-kulmowa-scaled.jpg" class="attachment-full size-full" alt="Korczak i Kulmowa" srcset="https://dzieckoi.usz.edu.pl/wp-content/uploads/2022/11/korczak-kulmowa-scaled.jpg 2560w, https://dzieckoi.usz.edu.pl/wp-content/uploads/2022/11/korczak-kulmowa-300x70.jpg 300w, https://dzieckoi.usz.edu.pl/wp-content/uploads/2022/11/korczak-kulmowa-1024x239.jpg 1024w, https://dzieckoi.usz.edu.pl/wp-content/uploads/2022/11/korczak-kulmowa-768x179.jpg 768w, https://dzieckoi.usz.edu.pl/wp-content/uploads/2022/11/korczak-kulmowa-1536x358.jpg 1536w, https://dzieckoi.usz.edu.pl/wp-content/uploads/2022/11/korczak-kulmowa-2048x478.jpg 2048w" sizes="auto, (max-width: 2560px) 100vw, 2560px" />														</div>
						</div>
				</div>
						</div>
					</div>
		</div>
								</div>
					</div>
		</section>
				<section class="elementor-section elementor-top-section elementor-element elementor-element-99f8927 elementor-section-content-middle elementor-section-boxed elementor-section-height-default elementor-section-height-default" data-id="99f8927" data-element_type="section" data-settings="{&quot;background_background&quot;:&quot;classic&quot;}">
						<div class="elementor-container elementor-column-gap-default">
							<div class="elementor-row">
					<div class="elementor-column elementor-col-100 elementor-top-column elementor-element elementor-element-ae96503" data-id="ae96503" data-element_type="column">
			<div class="elementor-column-wrap elementor-element-populated">
							<div class="elementor-widget-wrap">
						<div class="elementor-element elementor-element-f0afb18 elementor-widget elementor-widget-text-editor" data-id="f0afb18" data-element_type="widget" data-widget_type="text-editor.default">
				<div class="elementor-widget-container">
								<div class="elementor-text-editor elementor-clearfix">
				<p>Konferencja dofinansowana przez Ministerstwo Edukacji i Nauki w ramach programu DOSKONAŁA NAUKA – wsparcie konferencji naukowych (DKN/SP/547378/2022)</p>					</div>
						</div>
				</div>
						</div>
					</div>
		</div>
								</div>
					</div>
		</section>
									</div>
			</div>
					</div>

<p>DZIECKO I &quot;JĘZYK WCZESNEJ EDUKACJI&quot; Klauzula informacyjna dla uczestnika konferencji Administratorem Państwa danych osobowych jest Uniwersytet Szczeciński z siedzibą przy al. Papieża Jana Pawła II 22a, 70 -453 Szczecin; Administrator wyznaczył Inspektora Ochrony Danych nadzorującego prawidłowość przetwarzania danych osobowych, z którym można skontaktować się za pośrednictwem adresu e-mail: iod@usz.edu.pl; Państwa dane osobowe będą przetwarzane w celu: [&hellip;]</p>
