{"id":613,"date":"2022-11-02T14:50:32","date_gmt":"2022-11-02T13:50:32","guid":{"rendered":"https:\/\/dzieckoi.usz.edu.pl\/?page_id=613"},"modified":"2023-02-18T21:22:33","modified_gmt":"2023-02-18T20:22:33","slug":"informacje-organizacyjne","status":"publish","type":"page","link":"https:\/\/dzieckoi.usz.edu.pl\/index.php\/informacje-organizacyjne\/","title":{"rendered":"Informacje organizacyjne"},"content":{"rendered":"\t\t<div data-elementor-type=\"wp-page\" data-elementor-id=\"613\" class=\"elementor elementor-613\">\n\t\t\t\t\t\t<div class=\"elementor-inner\">\n\t\t\t\t<div class=\"elementor-section-wrap\">\n\t\t\t\t\t\t\t\t\t<section class=\"elementor-section elementor-top-section elementor-element elementor-element-4e6fe608 elementor-section-height-min-height elementor-section-content-middle elementor-section-boxed elementor-section-height-default elementor-section-items-middle\" data-id=\"4e6fe608\" data-element_type=\"section\" data-settings=\"{&quot;background_background&quot;:&quot;classic&quot;}\">\n\t\t\t\t\t\t\t<div class=\"elementor-background-overlay\"><\/div>\n\t\t\t\t\t\t\t<div class=\"elementor-container elementor-column-gap-no\">\n\t\t\t\t\t\t\t<div class=\"elementor-row\">\n\t\t\t\t\t<div class=\"elementor-column elementor-col-100 elementor-top-column elementor-element elementor-element-6f860f18\" data-id=\"6f860f18\" data-element_type=\"column\" data-settings=\"{&quot;background_background&quot;:&quot;classic&quot;}\">\n\t\t\t<div class=\"elementor-column-wrap elementor-element-populated\">\n\t\t\t\t\t\t\t<div class=\"elementor-widget-wrap\">\n\t\t\t\t\t\t<div class=\"elementor-element elementor-element-6db16e11 elementor-widget elementor-widget-theme-post-title elementor-page-title elementor-widget-heading\" data-id=\"6db16e11\" data-element_type=\"widget\" data-widget_type=\"theme-post-title.default\">\n\t\t\t\t<div class=\"elementor-widget-container\">\n\t\t\t<h1 class=\"elementor-heading-title elementor-size-default\">Informacje organizacyjne<\/h1>\t\t<\/div>\n\t\t\t\t<\/div>\n\t\t\t\t\t\t<\/div>\n\t\t\t\t\t<\/div>\n\t\t<\/div>\n\t\t\t\t\t\t\t\t<\/div>\n\t\t\t\t\t<\/div>\n\t\t<\/section>\n\t\t\t\t<section class=\"elementor-section elementor-top-section elementor-element elementor-element-440d2e1 elementor-section-boxed elementor-section-height-default elementor-section-height-default\" data-id=\"440d2e1\" data-element_type=\"section\">\n\t\t\t\t\t\t<div class=\"elementor-container elementor-column-gap-default\">\n\t\t\t\t\t\t\t<div class=\"elementor-row\">\n\t\t\t\t\t<div class=\"elementor-column elementor-col-100 elementor-top-column elementor-element elementor-element-d482118\" data-id=\"d482118\" data-element_type=\"column\">\n\t\t\t<div class=\"elementor-column-wrap elementor-element-populated\">\n\t\t\t\t\t\t\t<div class=\"elementor-widget-wrap\">\n\t\t\t\t\t\t<div class=\"elementor-element elementor-element-e959b61 elementor-widget elementor-widget-elementskit-heading\" data-id=\"e959b61\" data-element_type=\"widget\" data-widget_type=\"elementskit-heading.default\">\n\t\t\t\t<div class=\"elementor-widget-container\">\n\t\t\t<div class=\"ekit-wid-con\" ><div class=\"ekit-heading elementskit-section-title-wraper text_center   ekit_heading_tablet-   ekit_heading_mobile-\"><h3 class=\"elementskit-section-subtitle  \">\n\t\t\t\t\t\tDZIECKO I &quot;J\u0118ZYK WCZESNEJ EDUKACJI&quot;\n\t\t\t\t\t<\/h3><h2 class=\"ekit-heading--title elementskit-section-title \">Informacje formalne<\/h2><div class=\"ekit_heading_separetor_wraper ekit_heading_elementskit-border-divider elementskit-style-long\"><div class=\"elementskit-border-divider elementskit-style-long\"><\/div><\/div><\/div><\/div>\t\t<\/div>\n\t\t\t\t<\/div>\n\t\t\t\t<div class=\"elementor-element elementor-element-8d848ec elementor-widget elementor-widget-text-editor\" data-id=\"8d848ec\" data-element_type=\"widget\" data-widget_type=\"text-editor.default\">\n\t\t\t\t<div class=\"elementor-widget-container\">\n\t\t\t\t\t\t\t\t<div class=\"elementor-text-editor elementor-clearfix\">\n\t\t\t\t<p><strong>Formularz konferencyjny:<\/strong><\/p><p>Udzia\u0142 w konferencji wymaga wype\u0142nienia formularza uczestnictwa (Zg\u0142oszenie) do 6 grudnia 2023 roku oraz wniesienia op\u0142aty konferencyjnej do 30 stycznia 2023 r. Formularz zosta\u0142 ju\u017c wy\u0142\u0105czony.<\/p><p>\u00a0<\/p><p><strong>\u00a0<\/strong><\/p><p><strong>Op\u0142ata konferencyjna &#8211; 150 z\u0142<\/strong>\u00a0<\/p><p><span style=\"color: var( --e-global-color-text ); font-family: var( --e-global-typography-f500460-font-family ), Sans-serif; font-size: var( --e-global-typography-f500460-font-size ); font-weight: var( --e-global-typography-f500460-font-weight ); letter-spacing: var( --e-global-typography-f500460-letter-spacing ); word-spacing: var( --e-global-typography-f500460-word-spacing );\">Op\u0142at\u0119 nale\u017cy wnie\u015b\u0107 na konto nr: ING BANK \u015aL\u0104SKI 46 1050 1559 1000 0022 8790 4474 z dopiskiem: Subkonto 0053 i podaniem nazwiska uczestnika<\/span><\/p><p>\u00a0<\/p><p><strong>\u00a0<\/strong><\/p><p><strong>Warsztaty dla nauczycieli &#8211; 100 z\u0142<\/strong>\u00a0\/ warsztat<\/p><p><span style=\"color: var( --e-global-color-text ); font-family: var( --e-global-typography-f500460-font-family ), Sans-serif; font-size: var( --e-global-typography-f500460-font-size ); font-weight: var( --e-global-typography-f500460-font-weight ); letter-spacing: var( --e-global-typography-f500460-letter-spacing ); word-spacing: var( --e-global-typography-f500460-word-spacing );\">Po opublikowaniu temat\u00f3w warsztat\u00f3w, nale\u017cy wybra\u0107 zaj\u0119cia i wnie\u015b\u0107 op\u0142at\u0119 na konto nr: ING BANK \u015aL\u0104SKI 46 1050 1559 1000 0022 8790 4474 z dopiskiem: Subkonto 0053 i podaniem nazwiska uczestnika warsztat\u00f3w. Wi\u0119cej\u00a0 informacji znajd\u0105 Pa\u0144stwo na dedykowanej podstronie <a href=\"https:\/\/dzieckoi.usz.edu.pl\/index.php\/warsztaty\/\">warsztat\u00f3w.<\/a><br \/><\/span><\/p><p><span style=\"color: var( --e-global-color-text ); font-family: var( --e-global-typography-f500460-font-family ), Sans-serif; font-size: var( --e-global-typography-f500460-font-size ); font-weight: var( --e-global-typography-f500460-font-weight ); letter-spacing: var( --e-global-typography-f500460-letter-spacing ); word-spacing: var( --e-global-typography-f500460-word-spacing );\">\u00a0<\/span><\/p><p><strong>Miejsce obrad:<\/strong><\/p><p>Wydzia\u0142 Nauk Spo\u0142ecznych Uniwersytetu Szczeci\u0144skiego, ul. Krakowska 71-79<\/p><p>\u00a0<\/p><p><strong>Zakwaterowanie:<\/strong><\/p><p>Informacje dotycz\u0105ce bazy hotelowej znajd\u0105 Pa\u0144stwo pod linkiem\u00a0<a style=\"background-color: #ffffff; font-family: var( --e-global-typography-f500460-font-family ), Sans-serif; font-size: var( --e-global-typography-f500460-font-size ); font-weight: var( --e-global-typography-f500460-font-weight ); letter-spacing: var( --e-global-typography-f500460-letter-spacing ); word-spacing: var( --e-global-typography-f500460-word-spacing );\" href=\"https:\/\/www.booking.com\/searchresults.pl.html?aid=1610693&amp;label=szczecin-pjK81qDuu9KsuGx1ZI7pkwS379593659934%3Apl%3Ata%3Ap1%3Ap2%3Aac%3Aap%3Aneg%3Afi%3Atikwd-313945307925%3Alp9067384%3Ali%3Adec%3Adm%3Appccp%3DUmFuZG9tSVYkc2RlIyh9YcTrZg6rgS-Qaywgz7apUDg&amp;sid=fdbf31a092700cf4de2146a8c7ae5b4e&amp;sb=1&amp;sb_lp=1&amp;src=city&amp;src_elem=sb&amp;error_url=https%3A%2F%2Fwww.booking.com%2Fcity%2Fpl%2Fszczecin.pl.html%3Faid%3D1610693%26label%3Dszczecin-pjK81qDuu9KsuGx1ZI7pkwS379593659934%253Apl%253Ata%253Ap1%253Ap2%253Aac%253Aap%253Aneg%253Afi%253Atikwd-313945307925%253Alp9067384%253Ali%253Adec%253Adm%253Appccp%253DUmFuZG9tSVYkc2RlIyh9YcTrZg6rgS-Qaywgz7apUDg%26sid%3Dfdbf31a092700cf4de2146a8c7ae5b4e%26inac%3D0%26%26&amp;ss=Szczecin&amp;is_ski_area=0&amp;ssne=Szczecin&amp;ssne_untouched=Szczecin&amp;city=-531881&amp;checkin_year=2023&amp;checkin_month=3&amp;checkin_monthday=22&amp;checkout_year=2023&amp;checkout_month=3&amp;checkout_monthday=24&amp;group_adults=1&amp;group_children=0&amp;no_rooms=1&amp;b_h4u_keep_filters=&amp;from_sf=1\" target=\"_blank\" rel=\"noopener\">Baza Noclegowa.<\/a><\/p>\t\t\t\t\t<\/div>\n\t\t\t\t\t\t<\/div>\n\t\t\t\t<\/div>\n\t\t\t\t<div class=\"elementor-element elementor-element-2a372b4 elementor-widget elementor-widget-image\" data-id=\"2a372b4\" data-element_type=\"widget\" data-widget_type=\"image.default\">\n\t\t\t\t<div class=\"elementor-widget-container\">\n\t\t\t\t\t\t\t\t<div class=\"elementor-image\">\n\t\t\t\t\t\t\t\t\t\t\t\t<img loading=\"lazy\" decoding=\"async\" width=\"2560\" height=\"597\" src=\"https:\/\/dzieckoi.usz.edu.pl\/wp-content\/uploads\/2022\/11\/korczak-kulmowa-scaled.jpg\" class=\"attachment-full size-full\" alt=\"Korczak i Kulmowa\" srcset=\"https:\/\/dzieckoi.usz.edu.pl\/wp-content\/uploads\/2022\/11\/korczak-kulmowa-scaled.jpg 2560w, https:\/\/dzieckoi.usz.edu.pl\/wp-content\/uploads\/2022\/11\/korczak-kulmowa-300x70.jpg 300w, https:\/\/dzieckoi.usz.edu.pl\/wp-content\/uploads\/2022\/11\/korczak-kulmowa-1024x239.jpg 1024w, https:\/\/dzieckoi.usz.edu.pl\/wp-content\/uploads\/2022\/11\/korczak-kulmowa-768x179.jpg 768w, https:\/\/dzieckoi.usz.edu.pl\/wp-content\/uploads\/2022\/11\/korczak-kulmowa-1536x358.jpg 1536w, https:\/\/dzieckoi.usz.edu.pl\/wp-content\/uploads\/2022\/11\/korczak-kulmowa-2048x478.jpg 2048w\" sizes=\"auto, (max-width: 2560px) 100vw, 2560px\" \/>\t\t\t\t\t\t\t\t\t\t\t\t\t\t<\/div>\n\t\t\t\t\t\t<\/div>\n\t\t\t\t<\/div>\n\t\t\t\t\t\t<\/div>\n\t\t\t\t\t<\/div>\n\t\t<\/div>\n\t\t\t\t\t\t\t\t<\/div>\n\t\t\t\t\t<\/div>\n\t\t<\/section>\n\t\t\t\t<section class=\"elementor-section elementor-top-section elementor-element elementor-element-99f8927 elementor-section-content-middle elementor-section-boxed elementor-section-height-default elementor-section-height-default\" data-id=\"99f8927\" data-element_type=\"section\" data-settings=\"{&quot;background_background&quot;:&quot;classic&quot;}\">\n\t\t\t\t\t\t<div class=\"elementor-container elementor-column-gap-default\">\n\t\t\t\t\t\t\t<div class=\"elementor-row\">\n\t\t\t\t\t<div class=\"elementor-column elementor-col-100 elementor-top-column elementor-element elementor-element-ae96503\" data-id=\"ae96503\" data-element_type=\"column\">\n\t\t\t<div class=\"elementor-column-wrap elementor-element-populated\">\n\t\t\t\t\t\t\t<div class=\"elementor-widget-wrap\">\n\t\t\t\t\t\t<div class=\"elementor-element elementor-element-f0afb18 elementor-widget elementor-widget-text-editor\" data-id=\"f0afb18\" data-element_type=\"widget\" data-widget_type=\"text-editor.default\">\n\t\t\t\t<div class=\"elementor-widget-container\">\n\t\t\t\t\t\t\t\t<div class=\"elementor-text-editor elementor-clearfix\">\n\t\t\t\t<p>Konferencja dofinansowana przez Ministerstwo Edukacji i Nauki w ramach programu DOSKONA\u0141A NAUKA \u2013 wsparcie konferencji naukowych (DKN\/SP\/547378\/2022)<\/p>\t\t\t\t\t<\/div>\n\t\t\t\t\t\t<\/div>\n\t\t\t\t<\/div>\n\t\t\t\t\t\t<\/div>\n\t\t\t\t\t<\/div>\n\t\t<\/div>\n\t\t\t\t\t\t\t\t<\/div>\n\t\t\t\t\t<\/div>\n\t\t<\/section>\n\t\t\t\t\t\t\t\t\t<\/div>\n\t\t\t<\/div>\n\t\t\t\t\t<\/div>\n\t\t","protected":false},"excerpt":{"rendered":"<p>DZIECKO I &quot;J\u0118ZYK WCZESNEJ EDUKACJI&quot; Informacje formalne Formularz konferencyjny: Udzia\u0142 w konferencji wymaga wype\u0142nienia formularza uczestnictwa (Zg\u0142oszenie) do 6 grudnia 2023 roku oraz wniesienia op\u0142aty konferencyjnej do 30 stycznia 2023 r. Formularz zosta\u0142 ju\u017c wy\u0142\u0105czony. \u00a0 \u00a0 Op\u0142ata konferencyjna &#8211; 150 z\u0142\u00a0 Op\u0142at\u0119 nale\u017cy wnie\u015b\u0107 na konto nr: ING BANK \u015aL\u0104SKI 46 1050 1559 1000 [&hellip;]<\/p>\n","protected":false},"author":2,"featured_media":0,"parent":0,"menu_order":14,"comment_status":"closed","ping_status":"closed","template":"elementor_header_footer","meta":{"footnotes":""},"class_list":["post-613","page","type-page","status-publish","hentry"],"_links":{"self":[{"href":"https:\/\/dzieckoi.usz.edu.pl\/index.php\/wp-json\/wp\/v2\/pages\/613","targetHints":{"allow":["GET"]}}],"collection":[{"href":"https:\/\/dzieckoi.usz.edu.pl\/index.php\/wp-json\/wp\/v2\/pages"}],"about":[{"href":"https:\/\/dzieckoi.usz.edu.pl\/index.php\/wp-json\/wp\/v2\/types\/page"}],"author":[{"embeddable":true,"href":"https:\/\/dzieckoi.usz.edu.pl\/index.php\/wp-json\/wp\/v2\/users\/2"}],"replies":[{"embeddable":true,"href":"https:\/\/dzieckoi.usz.edu.pl\/index.php\/wp-json\/wp\/v2\/comments?post=613"}],"version-history":[{"count":67,"href":"https:\/\/dzieckoi.usz.edu.pl\/index.php\/wp-json\/wp\/v2\/pages\/613\/revisions"}],"predecessor-version":[{"id":1316,"href":"https:\/\/dzieckoi.usz.edu.pl\/index.php\/wp-json\/wp\/v2\/pages\/613\/revisions\/1316"}],"wp:attachment":[{"href":"https:\/\/dzieckoi.usz.edu.pl\/index.php\/wp-json\/wp\/v2\/media?parent=613"}],"curies":[{"name":"wp","href":"https:\/\/api.w.org\/{rel}","templated":true}]}}

<div data-elementor-type="wp-page" data-elementor-id="613" class="elementor elementor-613">
						<div class="elementor-inner">
				<div class="elementor-section-wrap">
									<section class="elementor-section elementor-top-section elementor-element elementor-element-4e6fe608 elementor-section-height-min-height elementor-section-content-middle elementor-section-boxed elementor-section-height-default elementor-section-items-middle" data-id="4e6fe608" data-element_type="section" data-settings="{&quot;background_background&quot;:&quot;classic&quot;}">
							<div class="elementor-background-overlay"></div>
							<div class="elementor-container elementor-column-gap-no">
							<div class="elementor-row">
					<div class="elementor-column elementor-col-100 elementor-top-column elementor-element elementor-element-6f860f18" data-id="6f860f18" data-element_type="column" data-settings="{&quot;background_background&quot;:&quot;classic&quot;}">
			<div class="elementor-column-wrap elementor-element-populated">
							<div class="elementor-widget-wrap">
						<div class="elementor-element elementor-element-6db16e11 elementor-widget elementor-widget-theme-post-title elementor-page-title elementor-widget-heading" data-id="6db16e11" data-element_type="widget" data-widget_type="theme-post-title.default">
				<div class="elementor-widget-container">
			<h1 class="elementor-heading-title elementor-size-default">Informacje organizacyjne</h1>		</div>
				</div>
						</div>
					</div>
		</div>
								</div>
					</div>
		</section>
				<section class="elementor-section elementor-top-section elementor-element elementor-element-440d2e1 elementor-section-boxed elementor-section-height-default elementor-section-height-default" data-id="440d2e1" data-element_type="section">
						<div class="elementor-container elementor-column-gap-default">
							<div class="elementor-row">
					<div class="elementor-column elementor-col-100 elementor-top-column elementor-element elementor-element-d482118" data-id="d482118" data-element_type="column">
			<div class="elementor-column-wrap elementor-element-populated">
							<div class="elementor-widget-wrap">
						<div class="elementor-element elementor-element-e959b61 elementor-widget elementor-widget-elementskit-heading" data-id="e959b61" data-element_type="widget" data-widget_type="elementskit-heading.default">
				<div class="elementor-widget-container">
			<div class="ekit-wid-con" ><div class="ekit-heading elementskit-section-title-wraper text_center   ekit_heading_tablet-   ekit_heading_mobile-"><h3 class="elementskit-section-subtitle  ">
						DZIECKO I &quot;JĘZYK WCZESNEJ EDUKACJI&quot;
					</h3><h2 class="ekit-heading--title elementskit-section-title ">Informacje formalne</h2><div class="ekit_heading_separetor_wraper ekit_heading_elementskit-border-divider elementskit-style-long"><div class="elementskit-border-divider elementskit-style-long"></div></div></div></div>		</div>
				</div>
				<div class="elementor-element elementor-element-8d848ec elementor-widget elementor-widget-text-editor" data-id="8d848ec" data-element_type="widget" data-widget_type="text-editor.default">
				<div class="elementor-widget-container">
								<div class="elementor-text-editor elementor-clearfix">
				<p><strong>Formularz konferencyjny:</strong></p><p>Udział w konferencji wymaga wypełnienia formularza uczestnictwa (Zgłoszenie) do 6 grudnia 2023 roku oraz wniesienia opłaty konferencyjnej do 30 stycznia 2023 r. Formularz został już wyłączony.</p><p> </p><p><strong> </strong></p><p><strong>Opłata konferencyjna &#8211; 150 zł</strong> </p><p><span style="color: var( --e-global-color-text ); font-family: var( --e-global-typography-f500460-font-family ), Sans-serif; font-size: var( --e-global-typography-f500460-font-size ); font-weight: var( --e-global-typography-f500460-font-weight ); letter-spacing: var( --e-global-typography-f500460-letter-spacing ); word-spacing: var( --e-global-typography-f500460-word-spacing );">Opłatę należy wnieść na konto nr: ING BANK ŚLĄSKI 46 1050 1559 1000 0022 8790 4474 z dopiskiem: Subkonto 0053 i podaniem nazwiska uczestnika</span></p><p> </p><p><strong> </strong></p><p><strong>Warsztaty dla nauczycieli &#8211; 100 zł</strong> / warsztat</p><p><span style="color: var( --e-global-color-text ); font-family: var( --e-global-typography-f500460-font-family ), Sans-serif; font-size: var( --e-global-typography-f500460-font-size ); font-weight: var( --e-global-typography-f500460-font-weight ); letter-spacing: var( --e-global-typography-f500460-letter-spacing ); word-spacing: var( --e-global-typography-f500460-word-spacing );">Po opublikowaniu tematów warsztatów, należy wybrać zajęcia i wnieść opłatę na konto nr: ING BANK ŚLĄSKI 46 1050 1559 1000 0022 8790 4474 z dopiskiem: Subkonto 0053 i podaniem nazwiska uczestnika warsztatów. Więcej  informacji znajdą Państwo na dedykowanej podstronie <a href="https://dzieckoi.usz.edu.pl/index.php/warsztaty/">warsztatów.</a><br /></span></p><p><span style="color: var( --e-global-color-text ); font-family: var( --e-global-typography-f500460-font-family ), Sans-serif; font-size: var( --e-global-typography-f500460-font-size ); font-weight: var( --e-global-typography-f500460-font-weight ); letter-spacing: var( --e-global-typography-f500460-letter-spacing ); word-spacing: var( --e-global-typography-f500460-word-spacing );"> </span></p><p><strong>Miejsce obrad:</strong></p><p>Wydział Nauk Społecznych Uniwersytetu Szczecińskiego, ul. Krakowska 71-79</p><p> </p><p><strong>Zakwaterowanie:</strong></p><p>Informacje dotyczące bazy hotelowej znajdą Państwo pod linkiem <a style="background-color: #ffffff; font-family: var( --e-global-typography-f500460-font-family ), Sans-serif; font-size: var( --e-global-typography-f500460-font-size ); font-weight: var( --e-global-typography-f500460-font-weight ); letter-spacing: var( --e-global-typography-f500460-letter-spacing ); word-spacing: var( --e-global-typography-f500460-word-spacing );" href="https://www.booking.com/searchresults.pl.html?aid=1610693&amp;label=szczecin-pjK81qDuu9KsuGx1ZI7pkwS379593659934%3Apl%3Ata%3Ap1%3Ap2%3Aac%3Aap%3Aneg%3Afi%3Atikwd-313945307925%3Alp9067384%3Ali%3Adec%3Adm%3Appccp%3DUmFuZG9tSVYkc2RlIyh9YcTrZg6rgS-Qaywgz7apUDg&amp;sid=fdbf31a092700cf4de2146a8c7ae5b4e&amp;sb=1&amp;sb_lp=1&amp;src=city&amp;src_elem=sb&amp;error_url=https%3A%2F%2Fwww.booking.com%2Fcity%2Fpl%2Fszczecin.pl.html%3Faid%3D1610693%26label%3Dszczecin-pjK81qDuu9KsuGx1ZI7pkwS379593659934%253Apl%253Ata%253Ap1%253Ap2%253Aac%253Aap%253Aneg%253Afi%253Atikwd-313945307925%253Alp9067384%253Ali%253Adec%253Adm%253Appccp%253DUmFuZG9tSVYkc2RlIyh9YcTrZg6rgS-Qaywgz7apUDg%26sid%3Dfdbf31a092700cf4de2146a8c7ae5b4e%26inac%3D0%26%26&amp;ss=Szczecin&amp;is_ski_area=0&amp;ssne=Szczecin&amp;ssne_untouched=Szczecin&amp;city=-531881&amp;checkin_year=2023&amp;checkin_month=3&amp;checkin_monthday=22&amp;checkout_year=2023&amp;checkout_month=3&amp;checkout_monthday=24&amp;group_adults=1&amp;group_children=0&amp;no_rooms=1&amp;b_h4u_keep_filters=&amp;from_sf=1" target="_blank" rel="noopener">Baza Noclegowa.</a></p>					</div>
						</div>
				</div>
				<div class="elementor-element elementor-element-2a372b4 elementor-widget elementor-widget-image" data-id="2a372b4" data-element_type="widget" data-widget_type="image.default">
				<div class="elementor-widget-container">
								<div class="elementor-image">
												<img loading="lazy" decoding="async" width="2560" height="597" src="https://dzieckoi.usz.edu.pl/wp-content/uploads/2022/11/korczak-kulmowa-scaled.jpg" class="attachment-full size-full" alt="Korczak i Kulmowa" srcset="https://dzieckoi.usz.edu.pl/wp-content/uploads/2022/11/korczak-kulmowa-scaled.jpg 2560w, https://dzieckoi.usz.edu.pl/wp-content/uploads/2022/11/korczak-kulmowa-300x70.jpg 300w, https://dzieckoi.usz.edu.pl/wp-content/uploads/2022/11/korczak-kulmowa-1024x239.jpg 1024w, https://dzieckoi.usz.edu.pl/wp-content/uploads/2022/11/korczak-kulmowa-768x179.jpg 768w, https://dzieckoi.usz.edu.pl/wp-content/uploads/2022/11/korczak-kulmowa-1536x358.jpg 1536w, https://dzieckoi.usz.edu.pl/wp-content/uploads/2022/11/korczak-kulmowa-2048x478.jpg 2048w" sizes="auto, (max-width: 2560px) 100vw, 2560px" />														</div>
						</div>
				</div>
						</div>
					</div>
		</div>
								</div>
					</div>
		</section>
				<section class="elementor-section elementor-top-section elementor-element elementor-element-99f8927 elementor-section-content-middle elementor-section-boxed elementor-section-height-default elementor-section-height-default" data-id="99f8927" data-element_type="section" data-settings="{&quot;background_background&quot;:&quot;classic&quot;}">
						<div class="elementor-container elementor-column-gap-default">
							<div class="elementor-row">
					<div class="elementor-column elementor-col-100 elementor-top-column elementor-element elementor-element-ae96503" data-id="ae96503" data-element_type="column">
			<div class="elementor-column-wrap elementor-element-populated">
							<div class="elementor-widget-wrap">
						<div class="elementor-element elementor-element-f0afb18 elementor-widget elementor-widget-text-editor" data-id="f0afb18" data-element_type="widget" data-widget_type="text-editor.default">
				<div class="elementor-widget-container">
								<div class="elementor-text-editor elementor-clearfix">
				<p>Konferencja dofinansowana przez Ministerstwo Edukacji i Nauki w ramach programu DOSKONAŁA NAUKA – wsparcie konferencji naukowych (DKN/SP/547378/2022)</p>					</div>
						</div>
				</div>
						</div>
					</div>
		</div>
								</div>
					</div>
		</section>
									</div>
			</div>
					</div>

<p>DZIECKO I &quot;JĘZYK WCZESNEJ EDUKACJI&quot; Informacje formalne Formularz konferencyjny: Udział w konferencji wymaga wypełnienia formularza uczestnictwa (Zgłoszenie) do 6 grudnia 2023 roku oraz wniesienia opłaty konferencyjnej do 30 stycznia 2023 r. Formularz został już wyłączony.     Opłata konferencyjna &#8211; 150 zł  Opłatę należy wnieść na konto nr: ING BANK ŚLĄSKI 46 1050 1559 1000 [&hellip;]</p>
